h + 2 - 3*h**2 + 13*h. Give x(1).
-6
Let p(k) = -k + 9. Let v(x) = 1. Let l(q) = -p(q) + 3*v(q). Calculate l(-5).
-11
Let o(c) = -c**3 + c**2 - c + 11. Let r be o(0). Let z(t) = 10*t - 2 + 1 - 20*t + t**2 + r*t - 7*t**3. Give z(1).
-6
Suppose -v = 4*n, -v - 3*v = -3*n. Let i(l) = -2*l**2 + l**2 + 6 + 0*l + l**3 + l. Determine i(v).
6
Let h = 1 + -4. Let z be ((-3)/h)/((-4)/20). Let o(w) = w**2 + 6*w - 4. Determine o(z).
-9
Suppose 4*q - 14 = 2*r - 2, -4*q = 4*r - 12. Let p(u) = -3*u**2 - 7*u**2 - 2 + q + 2*u**2 + u. What is p(-1)?
-8
Let t = -228 - -231. Let o(d) be the second derivative of -d**5/20 + d**4/3 - 2*d**3/3 + 2*d**2 + d. Determine o(t).
1
Let p(y) = -2 + 0 + 2 - 3 - y. Let z be -1*(-1 + 0) - 2. Let x = z - 2. Determine p(x).
0
Let n(h) = 8*h + 2. Suppose -11 = -2*w + w. Let r(i) = 15*i + 4. Let u(v) = w*n(v) - 6*r(v). Determine u(3).
-8
Let g(d) = 5*d + 8. Suppose 0 = 3*w + 8 - 26. Let h(c) = 14*c + 23. Suppose -3*m = 18 + 33. Let t(z) = m*g(z) + w*h(z). Give t(5).
-3
Let j = 158 + -48. Suppose 2*g = -3*g + j. Suppose g = 4*o + 2. Let n(t) = -t**2 + 6*t + 5. Determine n(o).
10
Let q(u) be the third derivative of -u**5/60 + u**4/6 - u**3/2 + 5*u**2. Give q(5).
-8
Let a(i) = -2*i**3 + 2*i**2 + 2*i + 1. Let n be a(-1). Let w = -6 - -7. Let d(q) = -2*q + n*q + w - 2*q - q. Give d(-3).
7
Suppose 2 = -0*s + s. Let p(x) = x**3 + 2*x - 1. What is p(s)?
11
Let j be (3 - 2)/(2/(-14)). Let u(k) = k**3 + 6*k**2 - 8*k. Calculate u(j).
7
Suppose -2*n - 5*m - 12 = -1, 2 = -2*n - 2*m. Let u = n - -3. Let c(g) = g - 5. Calculate c(u).
0
Let l(o) = -o**3 + 11*o**2 - o + 11. Let z be l(11). Let b(v) be the first derivative of -v**3/3 - v**2/2 + 9*v + 1. What is b(z)?
9
Let f(w) be the third derivative of w**4/24 + w**3/2 - 5*w**2. Determine f(-5).
-2
Let m(b) = -7*b. Suppose 0 = -4*j - 3*g - 2, -1 = g + 1. Let t be (-2 - j) + 6 + -2. Give m(t).
-7
Let l(s) = 7*s**2 - 11*s + 17. Let k(m) = 3*m**2 - 5*m + 8. Let o(q) = -5*k(q) + 2*l(q). What is o(5)?
-16
Let r(d) = 4*d**3 - d**2 + d + 2. Let k(p) = 3*p**3 - 2*p**2 + 1. Let c = -5 + 1. Let t(w) = c*r(w) + 5*k(w). Suppose 2 = -5*s - 23. Calculate t(s).
-8
Let v(h) = -5*h**3 + h**2 + 9*h - 3. Let m(p) = p**3 + p**2 - 1. Suppose 0 = 4*z - 4. Let n(j) = z*v(j) + 4*m(j). Calculate n(6).
11
Let m(d) = -5*d**2 + 6*d**3 + 8 - 2*d**3 - 3*d**3 + 8*d + 12*d**2. Determine m(-6).
-4
Let q(a) = a**3 - 2*a**2 - 6*a + 3. Let j = -74 + 78. Give q(j).
11
Let v be 15/3 - (-1 + 2). Let b(j) = 5*j**2 + v*j**2 - 5*j**2 - j**3 - 3*j**2 + 2. Calculate b(0).
2
Let i be (-3)/((2 + 0)/(-2)). Suppose -i*g = g. Let j(l) = -2*l**3 + 3*l**3 - 4*l**2 + 3*l + g*l**3 + 4. Calculate j(3).
4
Let v(p) be the first derivative of -5*p**2/2 - 16. What is v(2)?
-10
Let s(f) = -4*f**2 - f. Let p be ((-6)/15)/(2/(-10)). Let w = -1 - 0. Let g = p + w. What is s(g)?
-5
Let a(g) = -g - 7. Suppose -2*j - 5*r - 10 = 0, 4*j - 2*j = 3*r + 6. What is a(j)?
-7
Let n(o) = -o**2 + 4*o + 2. Let v be n(5). Let m(f) = -f**2 - 3*f + 3. What is m(v)?
3
Let i(l) = l**2 - 6*l + 7. Let q be i(5). Let w(n) = n**q + 5 - n + 2 - 4*n. Suppose 4*r - 3 = -3*v + 32, -5*v = -r - 20. Determine w(r).
7
Let h(a) = 4*a**2 + 105*a - 110*a - 3 - 3*a**2. Suppose -2*w = -0*w - 10. Give h(w).
-3
Let x(c) = 5*c - 3*c - 1 - 4*c - 2*c**2 + 2. Let h be (-4)/(-14) + (-78)/(-21). Suppose -4 = -h*k - 0. Calculate x(k).
-3
Suppose 4*p - 5 = p + l, -2*p + 10 = -2*l. Let f(g) = g - 8. Calculate f(p).
-8
Let h = -23 - -14. Let f(u) = u**3 + 2*u**2 + 4*u - 4. Let q(x) = 4*x**3 + 8*x**2 + 17*x - 17. Let z(i) = h*f(i) + 2*q(i). Determine z(-2).
6
Let n(k) = -k**2 + 5*k + 2. Let a be n(5). Let i = 9 + -5. Let m(g) = g + 0 - i + 5. What is m(a)?
3
Let k be (3/3)/(4/20). Let t(c) = -7*c**3 + 12*c**2 - 11*c + 1. Let f(s) = -10*s**3 + 18*s**2 - 16*s + 1. Let z(m) = 5*f(m) - 7*t(m). What is z(k)?
8
Let q(u) = 4*u + 6 - 17 + 12 - u**2. Determine q(4).
1
Let q(i) = i + 1. Let x be ((-52)/65)/(2/10). Let p(z) = -3*z. Let k(b) = x*q(b) - p(b). Give k(-5).
1
Let y(c) = -2*c + 3 + 4*c - 2 - c. Determine y(-5).
-4
Let c(f) = f**2 + 6*f + 2. Let l(b) = b**3 - 9*b**2 + 8*b + 4. Suppose -4*y = -y - 24. Let x be l(y). Suppose 0*n + 45 = -4*n - 5*d, x*n + 4*d = -40. Give c(n).
-3
Let j(p) = 2*p - 2. Let o(b) = b**3 + 9*b**2 + b + 11. Let n be o(-9). Let m(x) = x**2. Let t be m(n). What is j(t)?
6
Suppose 2*y - 2*u + 14 = 0, 4 = 5*u - 3*u. Let r(d) = 1 + 1 - 7*d - d**2 - 5. Determine r(y).
7
Suppose -6*j = 50 - 14. Let h(u) = -u**3 - 7*u**2 - 8*u - 6. Calculate h(j).
6
Let s(t) be the third derivative of t**2 + 0 + 0*t + 1/24*t**4 - 7/6*t**3. Calculate s(6).
-1
Suppose 0 = r + 4*w + 14, 2*r = -3*w + 5*w + 12. Suppose 16 - 6 = r*m. Let p(q) = 4*q + 1 + 5*q**2 + 2 - 6*q**2. What is p(m)?
-2
Suppose 3*y + 3 = -2*p, -5*p - y = -0*p + 14. Let z(i) = 2*i**2 + 4. Determine z(p).
22
Let z(y) = y + 6. Suppose 2*x + 0*c - 10 = 4*c, -5*c - 35 = 5*x. Let g be ((-6)/x + -3)*5. What is z(g)?
1
Let u(c) = 3*c**2 - 7*c - 7. Let n(j) = -3*j**2 + j**2 - 1 + 4*j + 5. Let b(l) = 5*n(l) + 3*u(l). Suppose 5*q + 8 = q. Calculate b(q).
-3
Let f(l) = -2. Let z(r) = -r + 1. Let k(c) = 2*f(c) + 2*z(c). What is k(-5)?
8
Let p(o) = -2*o**3 - 25*o**2 - 8*o + 12. Let m(f) = f**3 + 12*f**2 + 4*f - 6. Let u(x) = 13*m(x) + 6*p(x). Let d = 211 + -216. Determine u(d).
-1
Let j = -2 + 3. Let o(z) = -4*z**2 - 4*z + 3*z**3 - j + 5*z - 2*z**3 + z. Suppose 12 = -4*y + 8*y. What is o(y)?
-4
Let g(y) = 4*y**2 + 8*y - 2. Let o(c) = 3*c**2 + 8*c - 3. Let l(t) = 2*g(t) - 3*o(t). Calculate l(-8).
5
Let r(q) = 2*q + 12. Let c be r(-5). Let a(u) = 3*u**3 - 2*u**2 + 3*u - 2. Determine a(c).
20
Let g = 61 - 60. Let q(u) = -u + 1. Let a(m) = m. Let t(c) = -2*a(c) - q(c). Determine t(g).
-2
Let r(t) = 7*t**3 + 7*t**2 + 5*t + 11. Let u(i) = i**3 + 1. Let x(z) = -r(z) + 6*u(z). What is x(-6)?
-11
Let w(q) be the first derivative of -q**3/3 + q**2/2 - 3. Determine w(1).
0
Let x = 12 - 8. Let w(n) = -2*n**3 - n**2 - 2*n + 6. Let k(c) = -3*c**3 - 3*c**2 - 3*c + 11. Let o(r) = -3*k(r) + 5*w(r). What is o(x)?
-7
Let l = 5 - 3. Let x = -8 + 11. Let c = x - l. Let j(g) = 4*g**2. What is j(c)?
4
Let l(u) be the second derivative of 0 + 1/2*u**2 - 9*u + 1/6*u**4 + 1/6*u**3. Give l(-2).
7
Let w(j) be the third derivative of j**6/120 + 7*j**5/60 + 5*j**4/24 - j**3 - 20*j**2. Calculate w(-6).
0
Suppose -5*r + 2*b = 5, -2*r + 6 = 3*b - 11. Let i be 2/(-1) - (-5 + r). Let v(a) be the third derivative of -a**5/20 + a**4/12 + a**3/6 - 2*a**2. Give v(i).
-7
Let t = 2/179 - -167/1074. Let f(k) be the second derivative of 0 + k - t*k**3 - 1/2*k**2. What is f(2)?
-3
Let z(k) = -4 + 0*k**2 - k - 16*k**3 + 42*k**3 + 4*k**2 - 25*k**3. What is z(-4)?
0
Suppose -19 - 15 = -5*h + 3*v, 4*h = -v + 17. Let f(t) = -t**2 + t + 1. Let k(y) = 5*y**2 - 11*y. Let m(o) = 4*f(o) + k(o). What is m(h)?
-6
Suppose -4*z = 5*l + 34, -2*l + 3*l + 2 = 4*z. Let j(g) = -g**2 - 5*g + 5. Calculate j(l).
-1
Let c(y) = -y**3 + 6*y**2 - y + 8. Let o(z) = -z**2 - 2*z + 3. Let n be o(-3). Suppose n = -4*r + 19 + 5. Calculate c(r).
2
Let y(z) = -z**2 - 8*z + 8. Let d(g) = 4*g**2 + 25*g - 25. Let u(j) = 2*d(j) + 7*y(j). Determine u(4).
-2
Let d(s) be the second derivative of -s**4/4 + s**3/2 - s**2 - 2*s - 3. What is d(2)?
-8
Let m(t) = t**2 + 7*t + 7. Let l(w) = w**2 + 6*w - 2. Let n be l(-7). Let o be 6/(-10) - 22/n. Calculate m(o).
-3
Let o(x) be the first derivative of 3*x**2/2 - 4*x + 2. Let s = 27 - 6. Suppose -5*f = -3*u + 8*u + 5, -s = -4*f + u. Calculate o(f).
8
Suppose -3*o = o - 24. Let k(i) be the first derivative of 0*i + 10 - 1/2*i**2. Give k(o).
-6
Suppose -5*u + 2*f + 55 = 0, u + 0*u + 16 = -5*f. Let p(t) = -10*t + 6 - 3 + u*t. Let h(w) = -w**2 - 3. Let o be h(0). What is p(o)?
6
Suppose 0 = 4*g - 4*h - 8, -5*h - 13 = -4*g - 5. Suppose 5*q = 5*c - 30, 5*c + 4*q - q - 6 = 0. Let n(x) = 0*x + 0*x - 4 + x - x**2 + c. What is n(g)?
-3
Let f(c) be the third derivative of -c**5/30 + c**4/8 - c**3/2 - 8*c**2. Give f(2).
-5
Let l(o) = o**3 + o - 3. Let u be l(0). Let f be u - (-2 + 0 + 3). Let k(d) be the third derivative of d**4/12 + d**3/2 - 16*d**2. Give k(f).
-5
Let x(q) = -2*q - 1. Suppose -6 = -3*r + 6. Suppose 22 = -2*n - r*y, n + y + 0*y = -6. Let i = -2 - n. Determine x(i).
1
Let m(s) be the third d